
False
Is 17 a factor of 3181839?
True
Is 488 a factor of 257155?
False
Is 25 a factor of 15313825?
True
Is 4858884 a multiple of 971?
True
Does 56 divide 523432?
True
Does 60 divide 108105?
False
Is 26 a factor of 202696?
True
Is 26 a factor of 4327283?
False
Is 33 a factor of 509553?
True
Does 627 divide 2106720?
True
Does 85 divide 29685247?
False
Does 36 divide 390816?
True
Is 441587 a multiple of 9?
False
Is 118 a factor of 89531?
False
Is 21 a factor of 8621001?
False
Does 63 divide 3711519?
True
Is 757 a factor of 205904?
True
Is 2 a factor of 4206442?
True
Is 28936224 a multiple of 2889?
True
Is 175 a factor of 6300?
True
Does 11 divide 6813537?
False
Is 1979136 a multiple of 96?
True
Is 285238 a multiple of 105?
False
Does 677 divide 6943755?
False
Does 182 divide 246006?
False
Is 94229 a multiple of 139?
False
Does 12 divide 3210507?
False
Is 962556 a multiple of 11?
False
Does 104 divide 3368766?
False
Is 33588 a multiple of 27?
True
Does 9 divide 52187?
False
Does 251 divide 1367699?
True
Is 6 a factor of 37626?
True
Does 246 divide 1489143?
False
Does 591 divide 66365?
False
Is 710256 a multiple of 4?
True
Does 213 divide 676275?
True
Is 349 a factor of 22852?
False
Does 317 divide 485961?
True
Is 55809 a multiple of 159?
True
Does 135 divide 127350?
False
Does 9 divide 421740?
True
Is 337 a factor of 2256889?
True
Is 2121503 a multiple of 1542?
False
Is 45992 a multiple of 8?
True
Does 121 divide 10555?
False
Is 15 a factor of 2044860?
True
Is 20 a factor of 2625160?
True
Does 22 divide 32745?
False
Is 775449 a multiple of 3?
True
Is 733 a factor of 3187084?
True
Is 6254217 a multiple of 843?
True
Is 2868915 a multiple of 13?
False
Does 340 divide 264017?
False
Does 59 divide 1034919?
True
Is 186022 a multiple of 22?
False
Is 2602260 a multiple of 305?
True
Does 6 divide 199212?
True
Is 1730053 a multiple of 353?
True
Is 14 a factor of 108332?
True
Is 212211 a multiple of 150?
False
Does 52 divide 387556?
True
Does 28 divide 3309418?
False
Does 9 divide 181269?
True
Is 102068 a multiple of 34?
True
Does 8 divide 116760?
True
Does 608 divide 557043?
False
Is 7528 a multiple of 8?
True
Is 6750821 a multiple of 73?
True
Does 214 divide 1174432?
True
Does 8 divide 109419?
False
Is 7 a factor of 44590?
True
Is 585 a factor of 77220?
True
Is 17518350 a multiple of 239?
False
Is 3 a factor of 800127?
True
Is 1736291 a multiple of 3?
False
Is 312 a factor of 588744?
True
Is 6 a factor of 23461?
False
Is 10560 a multiple of 15?
True
Is 143 a factor of 12151854?
True
Is 260 a factor of 688863?
False
Is 48 a factor of 61488?
True
Does 15 divide 2174580?
True
Does 32 divide 324960?
True
Does 23 divide 94139?
True
Is 166592 a multiple of 245?
False
Does 4 divide 2367935?
False
Does 200 divide 16243863?
False
Is 25905 a multiple of 33?
True
Is 173 a factor of 2829069?
True
Is 182546 a multiple of 13?
True
Is 39567 a multiple of 3?
True
Does 108 divide 130572?
True
Is 234540 a multiple of 18?
True
Is 429 a factor of 1063920?
True
Does 694 divide 1486548?
True
Is 162 a factor of 782298?
True
Is 40 a factor of 993480?
True
Does 30 divide 2588370?
True
Does 12 divide 3832838?
False
Is 26 a factor of 193310?
True
Does 11 divide 13457?
False
Is 193420 a multiple of 509?
True
Does 141 divide 18647837?
False
Is 1200822 a multiple of 28?
False
Is 391508 a multiple of 18?
False
Does 10 divide 85530?
True
Is 419 a factor of 847637?
True
Does 809 divide 8790594?
True
Is 79 a factor of 56451?
False
Is 275 a factor of 141900?
True
Is 1485912 a multiple of 101?
True
Is 3927624 a multiple of 12?
True
Is 16 a factor of 88183?
False
Is 57348 a multiple of 8?
False
Is 1682708 a multiple of 15?
False
Is 7 a factor of 529883?
False
Is 24402526 a multiple of 384?
False
Does 137 divide 1489601?
True
Does 32 divide 105572?
False
Is 92726 a multiple of 15?
False
Does 12 divide 19728?
True
Is 65239 a multiple of 18?
False
Is 657956 a multiple of 9?
False
Is 7649 a multiple of 15?
False
Does 12 divide 227590?
False
Is 1126 a factor of 6002706?
True
Does 25 divide 62225?
True
Does 28 divide 3150647?
False
Is 166 a factor of 2057930?
False
Is 8 a factor of 947464?
True
Does 8 divide 26434?
False
Is 7880265 a multiple of 255?
True
Is 174760 a multiple of 340?
True
Is 278146 a multiple of 63?
False
Is 313457 a multiple of 27?
False
Is 37 a factor of 464979?
True
Does 19 divide 253612?
True
Is 291 a factor of 11221976?
False
Is 27 a factor of 8121?
False
Is 3833190 a multiple of 135?
True
Is 6 a factor of 23027?
False
Does 652 divide 7254152?
True
Is 1783797 a multiple of 321?
True
Does 434 divide 19964?
True
Does 53 divide 107961?
True
Is 87687 a multiple of 9?
True
Does 80 divide 8453120?
True
Is 11 a factor of 2784738?
True
Is 118 a factor of 2441420?
True
Is 294060 a multiple of 130?
True
Is 2957074 a multiple of 157?
False
Is 32 a factor of 21123303?
False
Is 23 a factor of 398843?
True
Is 1278622 a multiple of 129?
False
Is 75469 a multiple of 196?
False
Is 23 a factor of 1454464?
False
Is 66 a factor of 149886?
True
Does 4 divide 21844?
True
Is 24 a factor of 385872?
True
Is 3 a factor of 243?
True
Does 25 divide 3678750?
True
Is 18 a factor of 986166?
True
Is 99866 a multiple of 598?
True
Is 2774296 a multiple of 694?
False
Does 9 divide 9351?
True
Does 327 divide 6329690?
False
Is 2409610 a multiple of 290?
True
Does 27 divide 3522258?
True
Is 114348 a multiple of 12?
True
Is 8224762 a multiple of 26?
True
Does 62 divide 203980?
True
Is 758 a multiple of 8?
False
Is 611 a factor of 111809?
False
Does 13 divide 1214330?
True
Is 30654 a multiple of 39?
True
Is 187876 a multiple of 52?
True
Is 172 a factor of 2826476?
True
Is 358 a factor of 1475318?
True
Does 322 divide 595378?
True
Is 194911 a multiple of 16?
False
Is 135 a factor of 75330?
True
Is 68 a factor of 29031?
False
Is 2040415 a multiple of 13?
True
Is 35694 a multiple of 9?
True
Is 339 a factor of 255054?
False
Is 455469 a multiple of 161?
True
Is 5132776 a multiple of 88?
True
Is 391 a factor of 2241500?
False
Does 60 divide 42468?
False
Does 14 divide 1219414?
True
Is 315311 a multiple of 255?
False
Is 15 a factor of 70920?
True
Is 108860 a multiple of 20?
True
Does 11 divide 15357561?
False
Is 1276879 a multiple of 450?
False
Does 58 divide 2363848?
True
Is 29022 a multiple of 7?
True
Is 14 a factor of 3397044?
True
Does 31 divide 1028332?
True
Is 6 a factor of 4383307?
False
Does 395 divide 952969?
False
Is 320450 a multiple of 87?
False
Does 21 divide 127176?
True
Is 19 a factor of 90193?
True
Does 212 divide 38796?
True
Is 4702063 a multiple of 1159?
True
Is 33 a factor of 3387912?
True
Is 234 a factor of 987714?
True
Is 6384 a multiple of 21?
True
Is 41715 a multiple of 15?
True
Does 31 divide 3379?
True
Is 44 a factor of 5716366?
False
Is 6 a factor of 627132?
True
Does 21 divide 984727?
False
Is 45158 even?
True
Does 44 divide 865392?
True
Is 65 a factor of 21498?
False
Is 667 a factor of 426082?
False
Is 27587626 a multiple of 22?
True
Does 166 divide 7052178?
True
Is 58821 even?
False
Is 3228888 a multiple of 1048?
True
Is 287555 a multiple of 63?
False
Is 52622 a multiple of 8?
False
Does 8 divide 79216?
True
Is 2639010 a multiple of 66?
True
Does 14 divide 1085336?
True
Does 19 divide 6406097?
True
Does 318 divide 59784?
True
Is 70 a factor of 262150?
True
Is 108552 a multiple of 167?
False
Does 16 divide 1078768?
True
Is 15 a factor of 2359680?
True
Is 6186082 a multiple of 14?
True
Is 1011934 a multiple of 267?
False
Is 258 a factor of 559834?
False
Does 7 divide 44770?
False
Does 33 divide 230074?
False
Is 1782008 a multiple of 136?
True
Does 2 divide 125705?
False
Is 124 a factor of 182156?
True
Is 7616170 a multiple of 71?
True
Does 84 divide 20276?
False
Is 680565 a multiple of 295?
True
Is 68324 a multiple of 76?
True
Is 432271 a multiple of 37?
True
Is 2751450 a multiple of 50?
True
Is 831 a factor of 4397670?
False
Does 49 divide 8404529?
True
Is 23 a factor of 418917?
False
Is 1703052 a multiple of 702?
True
Is 27441 a multiple of 32?
False
Is 3 a factor of 168576?
True
Is 8351520 a multiple of 32?
True
Is 348105 a multiple of 115?
True
Does 11 divide 1015749?
False
Does 78 divide 4984824?
True
Does 260 divide 635700?
True
Is 5 a factor of 939210?
True
Does 15 divide 1185150?
Tr